-167*w**2 + 11*w - 21. Let z be n(3). Let o = -463 - z. What is the units digit of (-2 - -1)/(3 - o/342)?
1
Suppose -418*k = -437*k + 510739. What is the hundreds digit of k?
8
Let s(w) = 56*w. Let r = -25 + 27. Let y be 1/r + (-9)/(-18). What is the units digit of s(y)?
6
Let f(q) = -8*q - 73. Let n be f(-11). What is the tens digit of (18/n)/(9/270)?
3
Let c(r) = 6*r**2 - 4*r + 4. Let b be 14 + (-3 - (-4 + 0)). Let q be (-4 - (-20)/b)/((-4)/6). What is the units digit of c(q)?
4
Let q(c) = 14*c**2 - 9*c + 14. Let z be q(2). Let x be 2/(-6) + 7/3. Suppose -w + z = -x*m, 5*w - 3*m = 337 - 77. What is the units digit of w?
2
What is the ten thousands digit of (17 + (-13 - 6))*-25774?
5
Suppose -2*l + 422 + 73 = 5*y, 4*y = 2*l - 486. Let f = 852 - l. What is the hundreds digit of f?
6
What is the thousands digit of 9144/(-48)*17/(17/(-82))?
5
Let j = -300 + 1616. Suppose -11*y = -j - 1764. What is the units digit of y?
0
Suppose 0 = -3*w - 12, -17 = -5*h - 4*w + 42. Suppose 5*j - i = 410, 0 = -i - 2*i + h. Suppose 29 = -2*g + j. What is the tens digit of g?
2
Let w(u) = u**3 - 10*u**2 - 8*u - 2. Let h be (-22)/3*9/(-6). Let b be w(h). Let f = b + -16. What is the units digit of f?
5
Let y be ((-1028)/5)/(20/(-50)). Suppose 0 = j - y + 47. What is the tens digit of j?
6
What is the hundreds digit of 3445 + (-882)/(-108) + (-2)/12?
4
Let j(p) = -4*p - 118. Let g be j(-30). Suppose -3424 = -10*r + g*r. What is the units digit of r?
8
Let z = -177 - -180. Suppose c - 194 = -2*p + p, -c + 206 = -z*p. What is the tens digit of c?
9
Suppose 8*g - 32492 = 25932 + 4960. What is the hundreds digit of g?
9
Let z(s) = 79*s**2 - 84*s - 863. What is the thousands digit of z(-13)?
3
Let f(o) = 10*o**3 - 14*o**2 + 21*o - 12. Let r be f(8). Suppose r = 8*y - 3*y. What is the tens digit of y?
7
Let a(t) = -101*t + 2. Let q be a(6). What is the tens digit of (-6 - q) + 3 + -6?
9
What is the hundreds digit of 13370075/652 - (-1)/(-4)?
5
Suppose 4*j - 51603 = -3*a, -3*a + 19757 = 2*j - 6034. What is the hundreds digit of j?
9
Let d(y) = -71*y + 975. Let r be d(13). Suppose -9 = -3*v + 9. Suppose v*t - 194 = r. What is the tens digit of t?
4
Let m(g) = -g**3 + 23*g**2 - 15*g + 31. Let l(w) = -10*w + 121. Let a be l(10). What is the hundreds digit of m(a)?
5
Let a = -205 + 215. Suppose 3*z - 858 = -a*z. What is the tens digit of z?
6
Let j(t) = 238*t - 210. Let s be j(6). Suppose -206 = c - s. What is the hundreds digit of c?
0
Suppose f - u = -10296, -2*u - 10292 = f + u. What is the tens digit of f/(-29) + 6*1?
6
Let u be 4/10 + 9772/70. Let n = u - 102. What is the units digit of n?
8
Let b = 6594 - -154. What is the thousands digit of b?
6
Let p = 566 - 556. Let w(d) = 30*d + 89. What is the hundreds digit of w(p)?
3
Let c(v) = -3*v**3 + 59*v**2 - 3*v - 28. What is the tens digit of c(14)?
6
Let a be ((-24)/14)/((-36)/(-336)). Let s(y) = -y**2 - 23*y + 37. What is the units digit of s(a)?
9
Suppose 2*z + 0*z - 2 = 3*i, -5*i - z + 1 = 0. Suppose -7*d + 58 - 16 = i. What is the units digit of 6196/44 + 5 + d/33?
6
Suppose -r + 1680 = 18*a - 19*a, -5*r - a + 8406 = 0. What is the hundreds digit of r?
6
Suppose 3539 = 4*g - 689. Let m = g + 648. Suppose -m = -8*o + 103. What is the tens digit of o?
2
Suppose -3*d - 12*d - 4635 = 0. Let y = d + 434. What is the units digit of y?
5
Suppose -12*l + 235 = 19. Suppose -l*a + 5*a = -676. What is the units digit of a?
2
Let h(l) = 14*l + 18. Let x be h(-6). Let w = x + 72. Suppose -4*r - 196 = -w*r. What is the units digit of r?
8
Suppose 0 = 2*o - 4*h - 9318, -64*o + 62*o - h + 9333 = 0. What is the tens digit of o?
6
Suppose i = -260 + 260. Suppose 27*h - 6398 = 23*h + 5*c, i = -h - 5*c + 1612. What is the tens digit of h?
0
Let a be -3 + 4 + 3/(1 + 0). Suppose -14 = a*y - 18, -j + 4*y = -723. What is the tens digit of j?
2
Let s = 42 - 91. Let t = -44 - s. Suppose t*a = b + 588, 2*b + 232 = 5*a - 3*a. What is the units digit of a?
8
Suppose -5*y - 2 = -3*y, 4*k + 5*y = -293. Let r be 1 - (-2775)/27 - 16/k. Suppose -5*o + 9*o - r = 0. What is the tens digit of o?
2
Let d(s) be the first derivative of s**4/4 + 7*s**3 + 16*s**2 + 19*s + 72. What is the tens digit of d(-19)?
3
Suppose -n - 2*n + 133 = 4*s, -5*n - 3*s = -240. Let d = 76 - n. Let p = d - -52. What is the tens digit of p?
7
Let j = 11 - 16. Let i(d) = -d**3 - 5*d**2 + 734 - 733 - 7*d + 0*d**2. What is the tens digit of i(j)?
3
Let b(k) be the second derivative of k**3/3 - 15*k**2/2 + 8*k. Let n be b(-4). What is the units digit of n/(-2)*(-4)/(-10)*5?
3
Let g be 6/8 + 11 + (-10630)/40. What is the hundreds digit of (-30)/6 - g/2?
1
Suppose 11*n - 479842 = 67265. What is the tens digit of n?
3
Let i(g) = 3494*g**2 - 36*g - 76. What is the ten thousands digit of i(-2)?
1
Suppose -65*j - 44*j + 9*j = -1183200. What is the tens digit of j?
3
Let x(i) = -i**3 - 6*i**2 - 18*i + 14. Let s(w) = 3*w**3 + 12*w**2 + 37*w - 29. Let m(r) = 2*s(r) + 5*x(r). What is the hundreds digit of m(11)?
4
Suppose -4*s - 4*a = -106228, -242*s + 240*s + 53150 = -4*a. What is the hundreds digit of s?
5
Suppose -2*q - 4*c + 23636 = 0, -5*q + 176*c - 178*c + 59066 = 0. What is the units digit of q?
2
Let d = -5654 - -12464. What is the hundreds digit of d?
8
Let r = -83 + 88. Suppose 2*s = 10, -r*s + 10*s - 6 = c. Suppose -f + c = -111. What is the hundreds digit of f?
1
Let m be -5 - 1*55*-3. Suppose -157*u - 1443 = -m*u. What is the tens digit of u?
8
Let k be 3/((-8)/(-128)*8). What is the tens digit of 91*(43/(-129))/((-2)/k)?
9
Suppose 2*k - 10*o = -15*o + 17121, 3*o + 34281 = 4*k. What is the thousands digit of k?
8
Let z(q) = -4*q + 62. Let f be z(10). Suppose 4*d - 5*d + f = 4*s, 4*d = s - 14. Suppose -3*j = -5*y - 242, -4*j + 7*y + 300 = s*y. What is the tens digit of j?
7
Let h(z) = -2*z**3 - 58*z**2 + 55*z + 1. What is the hundreds digit of h(-33)?
8
Let v be (-652)/(4*(-1)/4*2). Suppose 2*j + 190 = k, -1056 + v = -4*k - 2*j. What is the hundreds digit of k?
1
Let b be (7 + 480)/((1*-2)/(-2)). Let l = 790 - b. Suppose 3*u = l + 186. What is the hundreds digit of u?
1
Suppose -s = 4*b - 5*s - 204, -5*s = -b + 51. Let k be 6/b + 0 + (-3585)/(-17). Let c = k - 106. What is the tens digit of c?
0
Let t be (-61256)/14 - 0 - (-108)/(-189). What is the hundreds digit of t/(-20) + (-4)/5?
2
Suppose -7*f = -3*y - 2*f + 37430, -4*y = -5*f - 49900. Suppose 0 = 21*w - 17371 - y. What is the hundreds digit of w?
4
Suppose -3*s - 238 = -k, 935 = 5*k - 5*s - 265. What is the tens digit of -1 + k - (7 + 1 + -6)?
3
Suppose 7*z = 56 + 112. Let i = -21 - -25. Suppose -i*x + 0*x = -z. What is the units digit of x?
6
Suppose -2*i + 51 = -17. Suppose 0 = -i*d + 23*d + 858. What is the units digit of d?
8
Let q(n) = n**2 + 10*n + 11. Let i be q(8). Suppose 10*u - i - 135 = 0. What is the units digit of u?
9
Suppose 15*q - 19*q + 136 = 0. Suppose q = -2*p - 70. What is the tens digit of (165/22)/((-2)/p)?
9
Let z = -11 - -15. Suppose -13 - 14 = -9*l. Suppose j + z = -3*d - 0, 44 = l*j - 5*d. What is the units digit of j?
8
Let r(u) = -870*u**3 + 13*u**2 + 22*u + 13. What is the ten thousands digit of r(-3)?
2
Let z be 2/7 + (-3732)/28. Let c be (-1286)/(-6) - (154/21 + -8). Let d = c + z. What is the tens digit of d?
8
Suppose 0 = -4*p + 11 + 1. Suppose 4*i + 5 = 2*d + i, 0 = p*d + 3*i - 15. Suppose 5*n - d*n - 40 = -2*q, -3*n = -4*q + 70. What is the units digit of q?
9
Let z(p) = 690*p - 601. What is the tens digit of z(11)?
8
Suppose 112 = -11*h + 7482. Suppose -3*u = -n - n + 441, 4*u = -3*n + h. What is the units digit of n?
2
Let t = -25449 - -33518. What is the tens digit of t?
6
Suppose -12*i - 831 = 18501. What is the hundreds digit of i/(-6) + (-15)/(-30)?
2
Let q(f) = f**2 + 5*f - 48. Let j be q(5). Suppose -5*l - j*l = -2177. What is the hundreds digit of l?
3
Suppose 0 = 5*i - 76 - 74. Suppose -2*f = r - 5*r - i, f = -r. Suppose 3*d - 240 = -4*w - d, f*w - 3*d - 316 = 0. What is the tens digit of w?
6
Suppose -4*u = -4*k + 80960, -2*k + 24818 = 3*u - 15682. What is the tens digit of k?
4
Let d = 1915 + -1365. Suppose 4*i + 3*x = d, 10 = x + 4*x. Let k = i + 0. What is the hundreds digit of k?
1
Let o be 0 + -3 + 13*(-7)/(-7). Let h be -6*((-35)/o + 2 + 1). Suppose p - 5*p - 3*z + 247 =